{"id":334,"date":"2025-02-07T17:54:39","date_gmt":"2025-02-07T20:54:39","guid":{"rendered":"https:\/\/banto.cc\/loja\/?post_type=product&#038;p=334"},"modified":"2026-01-27T17:10:16","modified_gmt":"2026-01-27T20:10:16","slug":"colete-jeans-customizado","status":"publish","type":"product","link":"https:\/\/banto.cc\/loja\/produto\/colete-jeans-customizado\/","title":{"rendered":"Colete jeans customizado"},"content":{"rendered":"<p data-start=\"197\" data-end=\"454\">Colete jeans <strong data-start=\"210\" data-end=\"231\">customizado \u00e0 m\u00e3o<\/strong> pelo artista visual <strong data-start=\"252\" data-end=\"269\">Gamba Martins<\/strong>, transformando o jeans em suporte art\u00edstico. Esta \u00e9 uma <strong data-start=\"326\" data-end=\"340\">pe\u00e7a \u00fanica<\/strong>, criada com <strong data-start=\"353\" data-end=\"393\">pintura em spray e tinta para tecido<\/strong>, resultando em uma est\u00e9tica autoral, urbana e contempor\u00e2nea.<\/p>\n<p data-start=\"456\" data-end=\"683\">O colete integra o <strong data-start=\"475\" data-end=\"523\">drop exclusivo de coletes jeans customizados<\/strong>, pensado para quem valoriza <strong data-start=\"552\" data-end=\"607\">moda independente, arte brasileira e pe\u00e7as autorais<\/strong>. Ideal para compor looks marcantes e expressar identidade por meio da arte.<\/p>\n<p data-start=\"685\" data-end=\"905\">\ud83d\udcd0 <strong data-start=\"688\" data-end=\"700\">Medidas:<\/strong> 70 cm (altura) x 60 cm (largura)<br data-start=\"733\" data-end=\"736\" \/>\ud83d\udc55 <strong data-start=\"739\" data-end=\"749\">Veste:<\/strong> G<br data-start=\"751\" data-end=\"754\" \/>\ud83c\udfa8 <strong data-start=\"757\" data-end=\"769\">T\u00e9cnica:<\/strong> spray e tinta de tecido sobre jeans<br data-start=\"854\" data-end=\"857\" data-is-only-node=\"\" \/>\ud83d\udd12 <strong data-start=\"860\" data-end=\"871\">Edi\u00e7\u00e3o:<\/strong> pe\u00e7a \u00fanica (n\u00e3o haver\u00e1 reposi\u00e7\u00e3o)<\/p>\n<p data-start=\"907\" data-end=\"996\">Perfeito para colecionadores, amantes de street art, moda criativa e design independente.<\/p>\n","protected":false},"excerpt":{"rendered":"<p data-start=\"197\" data-end=\"454\">Colete jeans <strong data-start=\"210\" data-end=\"231\">customizado \u00e0 m\u00e3o<\/strong> pelo artista visual <strong data-start=\"252\" data-end=\"269\">Gamba Martins<\/strong>, transformando o jeans em suporte art\u00edstico. Esta \u00e9 uma <strong data-start=\"326\" data-end=\"340\">pe\u00e7a \u00fanica<\/strong>, criada com <strong data-start=\"353\" data-end=\"393\">pintura em spray e tinta para tecido<\/strong>, resultando em uma est\u00e9tica autoral, urbana e contempor\u00e2nea.<\/p>\n<p data-start=\"456\" data-end=\"683\">O colete integra o <strong data-start=\"475\" data-end=\"523\">drop exclusivo de coletes jeans customizados<\/strong>, pensado para quem valoriza <strong data-start=\"552\" data-end=\"607\">moda independente, arte brasileira e pe\u00e7as autorais<\/strong>. Ideal para compor looks marcantes e expressar identidade por meio da arte.<\/p>\n<p data-start=\"685\" data-end=\"905\">\ud83d\udcd0 <strong data-start=\"688\" data-end=\"700\">Medidas:<\/strong> 70 cm (altura) x 60 cm (largura)<br data-start=\"733\" data-end=\"736\" \/>\ud83d\udc55 <strong data-start=\"739\" data-end=\"749\">Veste:<\/strong> G<br data-start=\"751\" data-end=\"754\" \/>\ud83c\udfa8 <strong data-start=\"757\" data-end=\"769\">T\u00e9cnica:<\/strong> spray e tinta de tecido sobre jeans<br data-start=\"854\" data-end=\"857\" data-is-only-node=\"\" \/>\ud83d\udd12 <strong data-start=\"860\" data-end=\"871\">Edi\u00e7\u00e3o:<\/strong> pe\u00e7a \u00fanica (n\u00e3o haver\u00e1 reposi\u00e7\u00e3o)<\/p>\n<p data-start=\"907\" data-end=\"996\">Perfeito para colecionadores, amantes de street art, moda criativa e design independente.<\/p>\n","protected":false},"featured_media":2989,"comment_status":"open","ping_status":"closed","template":"","meta":[],"product_brand":[76],"product_cat":[52,66],"product_tag":[],"class_list":{"0":"post-334","1":"product","2":"type-product","3":"status-publish","4":"has-post-thumbnail","6":"product_brand-gamba-martins","7":"product_cat-moda","8":"product_cat-roupas","10":"first","11":"instock","12":"sale","13":"taxable","14":"shipping-taxable","15":"purchasable","16":"product-type-simple"},"yoast_head":"<!-- This site is optimized with the Yoast SEO plugin v27.3 - https:\/\/yoast.com\/product\/yoast-seo-wordpress\/ -->\n<title>Colete jeans customizado | Loja de arte online<\/title>\n<meta name=\"description\" content=\"Colete jeans personalizado pelo artista visual Gamba Martins. Pe\u00e7a \u00fanica. Pintura feira com spray e tinta de tecido sobre jeans.\" \/>\n<meta name=\"robots\" content=\"index, follow, max-snippet:-1, max-image-preview:large, max-video-preview:-1\" \/>\n<link rel=\"canonical\" href=\"https:\/\/banto.cc\/loja\/produto\/colete-jeans-personalizado\/\" \/>\n<meta property=\"og:locale\" content=\"pt_BR\" \/>\n<meta property=\"og:type\" content=\"article\" \/>\n<meta property=\"og:title\" content=\"Colete jeans customizado | Loja de arte online\" \/>\n<meta property=\"og:description\" content=\"Colete jeans personalizado pelo artista visual Gamba Martins. Pe\u00e7a \u00fanica. Pintura feira com spray e tinta de tecido sobre jeans.\" \/>\n<meta property=\"og:url\" content=\"https:\/\/banto.cc\/loja\/produto\/colete-jeans-personalizado\/\" \/>\n<meta property=\"og:site_name\" content=\"Loja de arte online\" \/>\n<meta property=\"article:publisher\" content=\"https:\/\/www.facebook.com\/bantocc\" \/>\n<meta property=\"article:modified_time\" content=\"2026-01-27T20:10:16+00:00\" \/>\n<meta property=\"og:image\" content=\"https:\/\/banto.cc\/loja\/wp-content\/uploads\/2025\/02\/IMG_4492-scaled.jpg\" \/>\n\t<meta property=\"og:image:width\" content=\"1440\" \/>\n\t<meta property=\"og:image:height\" content=\"2560\" \/>\n\t<meta property=\"og:image:type\" content=\"image\/jpeg\" \/>\n<meta name=\"twitter:card\" content=\"summary_large_image\" \/>\n<meta name=\"twitter:site\" content=\"@CasaBanto\" \/>\n<meta name=\"twitter:label1\" content=\"Est. tempo de leitura\" \/>\n\t<meta name=\"twitter:data1\" content=\"1 minuto\" \/>\n<script type=\"application\/ld+json\" class=\"yoast-schema-graph\">{\"@context\":\"https:\\\/\\\/schema.org\",\"@graph\":[{\"@type\":\"WebPage\",\"@id\":\"https:\\\/\\\/banto.cc\\\/loja\\\/produto\\\/colete-jeans-personalizado\\\/\",\"url\":\"https:\\\/\\\/banto.cc\\\/loja\\\/produto\\\/colete-jeans-personalizado\\\/\",\"name\":\"Colete jeans customizado | Loja de arte online\",\"isPartOf\":{\"@id\":\"https:\\\/\\\/banto.cc\\\/loja\\\/#website\"},\"primaryImageOfPage\":{\"@id\":\"https:\\\/\\\/banto.cc\\\/loja\\\/produto\\\/colete-jeans-personalizado\\\/#primaryimage\"},\"image\":{\"@id\":\"https:\\\/\\\/banto.cc\\\/loja\\\/produto\\\/colete-jeans-personalizado\\\/#primaryimage\"},\"thumbnailUrl\":\"https:\\\/\\\/banto.cc\\\/loja\\\/wp-content\\\/uploads\\\/2025\\\/02\\\/colete-jeans-customizado-costas.jpg\",\"datePublished\":\"2025-02-07T20:54:39+00:00\",\"dateModified\":\"2026-01-27T20:10:16+00:00\",\"description\":\"Colete jeans personalizado pelo artista visual Gamba Martins. Pe\u00e7a \u00fanica. Pintura feira com spray e tinta de tecido sobre jeans.\",\"breadcrumb\":{\"@id\":\"https:\\\/\\\/banto.cc\\\/loja\\\/produto\\\/colete-jeans-personalizado\\\/#breadcrumb\"},\"inLanguage\":\"pt-BR\",\"potentialAction\":[{\"@type\":\"ReadAction\",\"target\":[\"https:\\\/\\\/banto.cc\\\/loja\\\/produto\\\/colete-jeans-personalizado\\\/\"]}]},{\"@type\":\"ImageObject\",\"inLanguage\":\"pt-BR\",\"@id\":\"https:\\\/\\\/banto.cc\\\/loja\\\/produto\\\/colete-jeans-personalizado\\\/#primaryimage\",\"url\":\"https:\\\/\\\/banto.cc\\\/loja\\\/wp-content\\\/uploads\\\/2025\\\/02\\\/colete-jeans-customizado-costas.jpg\",\"contentUrl\":\"https:\\\/\\\/banto.cc\\\/loja\\\/wp-content\\\/uploads\\\/2025\\\/02\\\/colete-jeans-customizado-costas.jpg\",\"width\":900,\"height\":1125,\"caption\":\"colete jeans customizado\"},{\"@type\":\"BreadcrumbList\",\"@id\":\"https:\\\/\\\/banto.cc\\\/loja\\\/produto\\\/colete-jeans-personalizado\\\/#breadcrumb\",\"itemListElement\":[{\"@type\":\"ListItem\",\"position\":1,\"name\":\"In\u00edcio\",\"item\":\"https:\\\/\\\/banto.cc\\\/loja\\\/\"},{\"@type\":\"ListItem\",\"position\":2,\"name\":\"Loja de Artes\",\"item\":\"https:\\\/\\\/banto.cc\\\/loja\\\/produtos\\\/\"},{\"@type\":\"ListItem\",\"position\":3,\"name\":\"Colete jeans personalizado\"}]},{\"@type\":\"WebSite\",\"@id\":\"https:\\\/\\\/banto.cc\\\/loja\\\/#website\",\"url\":\"https:\\\/\\\/banto.cc\\\/loja\\\/\",\"name\":\"Loja de Arte online | Banto Casa Criativa\",\"description\":\"Compre aquarelas, xilogravuras, impressos e mais!\",\"publisher\":{\"@id\":\"https:\\\/\\\/banto.cc\\\/loja\\\/#organization\"},\"alternateName\":\"Loja de Arte | Banto.CC\",\"potentialAction\":[{\"@type\":\"SearchAction\",\"target\":{\"@type\":\"EntryPoint\",\"urlTemplate\":\"https:\\\/\\\/banto.cc\\\/loja\\\/?s={search_term_string}\"},\"query-input\":{\"@type\":\"PropertyValueSpecification\",\"valueRequired\":true,\"valueName\":\"search_term_string\"}}],\"inLanguage\":\"pt-BR\"},{\"@type\":\"Organization\",\"@id\":\"https:\\\/\\\/banto.cc\\\/loja\\\/#organization\",\"name\":\"Loja de arte online\",\"url\":\"https:\\\/\\\/banto.cc\\\/loja\\\/\",\"logo\":{\"@type\":\"ImageObject\",\"inLanguage\":\"pt-BR\",\"@id\":\"https:\\\/\\\/banto.cc\\\/loja\\\/#\\\/schema\\\/logo\\\/image\\\/\",\"url\":\"https:\\\/\\\/banto.cc\\\/loja\\\/wp-content\\\/uploads\\\/2024\\\/11\\\/Prancheta-1-copia-3logo-loja-banto-site.png\",\"contentUrl\":\"https:\\\/\\\/banto.cc\\\/loja\\\/wp-content\\\/uploads\\\/2024\\\/11\\\/Prancheta-1-copia-3logo-loja-banto-site.png\",\"width\":150,\"height\":102,\"caption\":\"Loja de arte online\"},\"image\":{\"@id\":\"https:\\\/\\\/banto.cc\\\/loja\\\/#\\\/schema\\\/logo\\\/image\\\/\"},\"sameAs\":[\"https:\\\/\\\/www.facebook.com\\\/bantocc\",\"https:\\\/\\\/x.com\\\/CasaBanto\",\"https:\\\/\\\/www.instagram.com\\\/banto.cc\\\/\"]}]}<\/script>\n<!-- \/ Yoast SEO plugin. -->","yoast_head_json":{"title":"Colete jeans customizado | Loja de arte online","description":"Colete jeans personalizado pelo artista visual Gamba Martins. Pe\u00e7a \u00fanica. Pintura feira com spray e tinta de tecido sobre jeans.","robots":{"index":"index","follow":"follow","max-snippet":"max-snippet:-1","max-image-preview":"max-image-preview:large","max-video-preview":"max-video-preview:-1"},"canonical":"https:\/\/banto.cc\/loja\/produto\/colete-jeans-personalizado\/","og_locale":"pt_BR","og_type":"article","og_title":"Colete jeans customizado | Loja de arte online","og_description":"Colete jeans personalizado pelo artista visual Gamba Martins. Pe\u00e7a \u00fanica. Pintura feira com spray e tinta de tecido sobre jeans.","og_url":"https:\/\/banto.cc\/loja\/produto\/colete-jeans-personalizado\/","og_site_name":"Loja de arte online","article_publisher":"https:\/\/www.facebook.com\/bantocc","article_modified_time":"2026-01-27T20:10:16+00:00","og_image":[{"width":1440,"height":2560,"url":"https:\/\/banto.cc\/loja\/wp-content\/uploads\/2025\/02\/IMG_4492-scaled.jpg","type":"image\/jpeg"}],"twitter_card":"summary_large_image","twitter_site":"@CasaBanto","twitter_misc":{"Est. tempo de leitura":"1 minuto"},"schema":{"@context":"https:\/\/schema.org","@graph":[{"@type":"WebPage","@id":"https:\/\/banto.cc\/loja\/produto\/colete-jeans-personalizado\/","url":"https:\/\/banto.cc\/loja\/produto\/colete-jeans-personalizado\/","name":"Colete jeans customizado | Loja de arte online","isPartOf":{"@id":"https:\/\/banto.cc\/loja\/#website"},"primaryImageOfPage":{"@id":"https:\/\/banto.cc\/loja\/produto\/colete-jeans-personalizado\/#primaryimage"},"image":{"@id":"https:\/\/banto.cc\/loja\/produto\/colete-jeans-personalizado\/#primaryimage"},"thumbnailUrl":"https:\/\/banto.cc\/loja\/wp-content\/uploads\/2025\/02\/colete-jeans-customizado-costas.jpg","datePublished":"2025-02-07T20:54:39+00:00","dateModified":"2026-01-27T20:10:16+00:00","description":"Colete jeans personalizado pelo artista visual Gamba Martins. Pe\u00e7a \u00fanica. Pintura feira com spray e tinta de tecido sobre jeans.","breadcrumb":{"@id":"https:\/\/banto.cc\/loja\/produto\/colete-jeans-personalizado\/#breadcrumb"},"inLanguage":"pt-BR","potentialAction":[{"@type":"ReadAction","target":["https:\/\/banto.cc\/loja\/produto\/colete-jeans-personalizado\/"]}]},{"@type":"ImageObject","inLanguage":"pt-BR","@id":"https:\/\/banto.cc\/loja\/produto\/colete-jeans-personalizado\/#primaryimage","url":"https:\/\/banto.cc\/loja\/wp-content\/uploads\/2025\/02\/colete-jeans-customizado-costas.jpg","contentUrl":"https:\/\/banto.cc\/loja\/wp-content\/uploads\/2025\/02\/colete-jeans-customizado-costas.jpg","width":900,"height":1125,"caption":"colete jeans customizado"},{"@type":"BreadcrumbList","@id":"https:\/\/banto.cc\/loja\/produto\/colete-jeans-personalizado\/#breadcrumb","itemListElement":[{"@type":"ListItem","position":1,"name":"In\u00edcio","item":"https:\/\/banto.cc\/loja\/"},{"@type":"ListItem","position":2,"name":"Loja de Artes","item":"https:\/\/banto.cc\/loja\/produtos\/"},{"@type":"ListItem","position":3,"name":"Colete jeans personalizado"}]},{"@type":"WebSite","@id":"https:\/\/banto.cc\/loja\/#website","url":"https:\/\/banto.cc\/loja\/","name":"Loja de Arte online | Banto Casa Criativa","description":"Compre aquarelas, xilogravuras, impressos e mais!","publisher":{"@id":"https:\/\/banto.cc\/loja\/#organization"},"alternateName":"Loja de Arte | Banto.CC","potentialAction":[{"@type":"SearchAction","target":{"@type":"EntryPoint","urlTemplate":"https:\/\/banto.cc\/loja\/?s={search_term_string}"},"query-input":{"@type":"PropertyValueSpecification","valueRequired":true,"valueName":"search_term_string"}}],"inLanguage":"pt-BR"},{"@type":"Organization","@id":"https:\/\/banto.cc\/loja\/#organization","name":"Loja de arte online","url":"https:\/\/banto.cc\/loja\/","logo":{"@type":"ImageObject","inLanguage":"pt-BR","@id":"https:\/\/banto.cc\/loja\/#\/schema\/logo\/image\/","url":"https:\/\/banto.cc\/loja\/wp-content\/uploads\/2024\/11\/Prancheta-1-copia-3logo-loja-banto-site.png","contentUrl":"https:\/\/banto.cc\/loja\/wp-content\/uploads\/2024\/11\/Prancheta-1-copia-3logo-loja-banto-site.png","width":150,"height":102,"caption":"Loja de arte online"},"image":{"@id":"https:\/\/banto.cc\/loja\/#\/schema\/logo\/image\/"},"sameAs":["https:\/\/www.facebook.com\/bantocc","https:\/\/x.com\/CasaBanto","https:\/\/www.instagram.com\/banto.cc\/"]}]}},"_links":{"self":[{"href":"https:\/\/banto.cc\/loja\/wp-json\/wp\/v2\/product\/334","targetHints":{"allow":["GET"]}}],"collection":[{"href":"https:\/\/banto.cc\/loja\/wp-json\/wp\/v2\/product"}],"about":[{"href":"https:\/\/banto.cc\/loja\/wp-json\/wp\/v2\/types\/product"}],"replies":[{"embeddable":true,"href":"https:\/\/banto.cc\/loja\/wp-json\/wp\/v2\/comments?post=334"}],"wp:featuredmedia":[{"embeddable":true,"href":"https:\/\/banto.cc\/loja\/wp-json\/wp\/v2\/media\/2989"}],"wp:attachment":[{"href":"https:\/\/banto.cc\/loja\/wp-json\/wp\/v2\/media?parent=334"}],"wp:term":[{"taxonomy":"product_brand","embeddable":true,"href":"https:\/\/banto.cc\/loja\/wp-json\/wp\/v2\/product_brand?post=334"},{"taxonomy":"product_cat","embeddable":true,"href":"https:\/\/banto.cc\/loja\/wp-json\/wp\/v2\/product_cat?post=334"},{"taxonomy":"product_tag","embeddable":true,"href":"https:\/\/banto.cc\/loja\/wp-json\/wp\/v2\/product_tag?post=334"}],"curies":[{"name":"wp","href":"https:\/\/api.w.org\/{rel}","templated":true}]}}